ts digit of r/(-24)*3*-198?
9
Let a be (10/(-30))/(4/(-1104)). Suppose a + 46 = 23*f. What is the units digit of f?
6
What is the hundreds digit of ((-1284)/(-48))/(-5*2/(-320))?
8
Suppose -398293 = -101*d + 1521717. What is the units digit of d?
0
Let a(f) = 54*f**2 + 3*f - 1. Let w be a(3). Suppose 5*d - 25 = 2*r, 32 = 3*d + d - 4*r. Suppose -w = j - d*j. What is the tens digit of j?
4
Let d be (345/4)/(-5*(-12)/(-160)). Let j = 3 - d. What is the units digit of j?
3
Let x(c) = 53*c + 44. Suppose 2*n - 5*q = 37, -5*n + 28 = -2*q - 12. What is the hundreds digit of x(n)?
3
Let t = 1538 - 1030. Let a = t - 334. What is the hundreds digit of a?
1
Suppose 2*f + 1017 = 3*y, 22*y - 23*y + 5*f + 339 = 0. Let q be -223*(-1)/4*-4. Let t = y + q. What is the hundreds digit of t?
1
What is the tens digit of (1017/54)/(8 - 32060/4008)?
7
Suppose 412*h - 1460029 = 376*h - 429457. What is the tens digit of h?
2
Let h = 46934 - 32181. What is the thousands digit of h?
4
Suppose 0*o - 5*g + 11 = 3*o, -3 = -2*o + g. Suppose -1170 = -3*v - o*i, -v + 6*i + 401 = 3*i. What is the tens digit of v?
9
Suppose 900 = 5*r - 5*w, 0 = -2*r + 5*w - 9*w + 354. Suppose 4*l + 490 = 5*g, -2*g = l - 6*l - r. What is the units digit of g?
2
Let w be (-16 - 8)*(-1 + -142 - -1). What is the units digit of w/36*6/4?
2
What is the ten thousands digit of (1 - -61)/(15 - (-27478)/(-1832))?
5
Let a = -482 - -289. Let w = 478 + a. What is the hundreds digit of w?
2
Let z(s) = 7*s**2 - 8*s - 294. What is the thousands digit of z(34)?
7
Suppose 0 = 2*v + 3*q + 3, 1 + 1 = 2*v - 2*q. Suppose -4*u + 1717 + 123 = v. What is the units digit of u?
0
What is the units digit of (-4)/24 + 1/(-3) + (-201327)/(-14)?
0
Suppose -t + 119*n + 9835 = 114*n, 7*t - n = 68743. What is the units digit of t?
0
Suppose -3*v = -v + 2070. Let r = v + 1540. What is the units digit of r?
5
Let g be -4*1 - (8 + -17). Let n(y) = -6*y + 32. Let q be n(g). Suppose 0 = q*i + 4*o - 404, 608 = 3*i + 7*o - 2*o. What is the hundreds digit of i?
2
Let r = -1658 + 2914. Suppose -42*n - r = -50*n. What is the units digit of n?
7
Let w = 103524 - 36864. Suppose 10*n - w = -34*n. What is the hundreds digit of n?
5
Suppose -27*g + 507389 = -445765. What is the ten thousands digit of g?
3
Suppose 7614 - 92409 = -15*j. What is the thousands digit of j?
5
Suppose -7*y = -3*y - 4*n - 8, -4*y + 2*n = 0. Suppose a = 2*a - 4*o - 7, 4*o = 5*a - 3. What is the units digit of (y + (-4)/a)*3?
6
Let v(f) = -97*f + 50. Let w be v(-17). Let u be 12/60 - w/(-5). Suppose 0*a + 4*c + 227 = 3*a, 5*a = -c + u. What is the tens digit of a?
6
Suppose -4*d = -2*d + 76. Let r = 30 + d. Let h(p) = -p**3 - 6*p**2 + 4*p - 1. What is the units digit of h(r)?
5
Let w(z) be the first derivative of z**3 + z**2 - 6*z - 9. Let q be w(-4). Suppose 2*n - 12 = y, 5*y + 2 + q = 4*n. What is the units digit of n?
4
Let n be ((-8)/6)/((-6)/4041). Let s = -625 + n. Suppose -4*d - t - 183 = -550, -3*d - 3*t = -s. What is the units digit of d?
2
Suppose 129*t - 142*t = -56836. What is the units digit of t?
2
Let l(a) = 68*a - 67. Let x(u) = -271*u + 270. Let s(n) = -26*l(n) - 6*x(n). What is the tens digit of s(-4)?
9
Suppose 26*o = 5*n + 21*o - 82995, n - 16563 = -5*o. What is the tens digit of n?
9
Let z be 206/(-3) - (1 + 15/(-9)). Let s = 17 + z. Let p = s - -108. What is the tens digit of p?
5
Let z(m) = -9*m + 9. Let c be (200/(-30))/(2/6). What is the hundreds digit of z(c)?
1
Suppose -3*t - 10 = y, 0*y + 13 = 2*y - 5*t. What is the units digit of (-3)/(18/(-1266)) + y + -1?
9
Suppose 5*u - 74*u - 6*u + 333975 = 0. What is the tens digit of u?
5
What is the tens digit of ((-444)/20)/(5/(150/(-3)))?
2
Let i(f) = 13*f + 2. Let s be i(-1). Let w = s + -17. Let c = -13 - w. What is the units digit of c?
5
Let t(v) = -156*v - 149. What is the thousands digit of t(-34)?
5
Let n be (36/4)/(-3) + (4 - 1). Suppose n = -0*i + 10*i + 70. What is the units digit of (i/(42/(-4)))/((-8)/(-1044))?
7
Let y be (-4 + 140/21)*(-13740)/8. What is the units digit of (-5 - y/25)/(12/40)?
4
Suppose 18535 + 6139 = -26*t. Let z = -173 - t. What is the tens digit of z?
7
Suppose 9*j - 10605 = 6144. Suppose 4*y + j = 6*y - h, 3*y - 2790 = h. What is the units digit of y?
9
Let n = 30 - 32. What is the units digit of (56/(-21))/(n/3)?
4
Let j(x) = -2*x**3 - 4*x**2 - x + 5. Let m be j(-4). Let d = -532 - -602. Suppose -198 = d*v - m*v. What is the tens digit of v?
6
Suppose -x = 7, 5*h = -x + 124369 + 127389. What is the hundreds digit of h?
3
Let z(g) = -g**2 + 465*g + 23. What is the thousands digit of z(51)?
1
Let a(p) = -3*p - 6*p - 11*p**2 - 167*p**3 + 168*p**3 + 10. Let i be a(12). Suppose -2*j = 2*g - i, 2*j + 5*g - 37 = -0*j. What is the units digit of j?
6
Suppose 0 = -35*v + 2*v - 198. What is the units digit of ((-17)/(-102) + 5413/v)*-1?
2
Let p(q) = 1025*q**2 - 235*q + 470. What is the hundreds digit of p(2)?
1
Let m(f) = f**2 - 1. Let r(c) = -2*c**2 + 7*c - 14. Let q(d) = m(d) - r(d). Let i(w) = 2*w - 5. Let h be i(5). What is the tens digit of q(h)?
5
Let f = 5529 - 3858. Suppose f = -5*k + 4246. Suppose -11*y + 6*y + k = 0. What is the units digit of y?
3
Suppose w = -3*q + 2062, -q - 8*w + 6*w = -684. Suppose a = -4*a. Suppose 0 = 8*f - a*f - q. What is the units digit of f?
6
Let b(h) = h**3 - 15*h**2 + 3. Let y be b(5). Let k = y + 695. What is the units digit of k?
8
Let h(z) = -2*z**3 - 5*z**2 - 2*z - 11. Let b be 16 - ((-2)/(-1) + (-2 - 1)). Let y = 13 - b. What is the units digit of h(y)?
5
Suppose -14*z + 0*z = -17024. Suppose 4*w + 22*i = 24*i + z, -w + 322 = 4*i. What is the units digit of w?
6
Let w(q) = q**2 + 10*q + 14. Let x be (-6*(-39)/9)/(-2). Let h be w(x). Let r = -24 + h. What is the units digit of r?
9
Let n = -8803 + 13843. What is the thousands digit of n?
5
Suppose 110*v + 75455 = 114*v - 4085. What is the thousands digit of v?
9
Let w be (-8)/((4/12)/(2/(-3))). Let k(n) = 11 + n - 9*n + w + 9*n. What is the tens digit of k(18)?
4
Let t = -51 + 120. Suppose -73*k = -t*k - 468. Let d = -65 + k. What is the units digit of d?
2
Suppose 5*h + u = -11, -2*h + 18*u - 23*u + 14 = 0. What is the hundreds digit of ((-25)/7 - h)*15505/(-10)?
8
Let i = -769 - -1326. Suppose c + 2*c + 5*b - i = 0, 370 = 2*c + 3*b. What is the hundreds digit of c?
1
Let m = -3645 - -3753. Let b be 44/10 + (-4)/10. Suppose -b*h + 4*i + m = 0, 3*h = -2*i - i + 93. What is the units digit of h?
9
Suppose -2*b = -b - 22. Suppose -15409 = 3*o - b*o. What is the tens digit of o?
1
Let n(v) be the third derivative of 9*v**5/20 - v**4/12 - v**2. Let r = -1248 - -1250. What is the tens digit of n(r)?
0
Let o(f) = f**3 - 7*f**2 - 6*f - 11. Let x be o(8). Suppose b + 31 + 8 = x*d, -4*b + 3*d - 190 = 0. Let v = b + 64. What is the tens digit of v?
1
Let l be ((-3456)/(-81))/(2/6). What is the units digit of 681*(-5 - l/(-24))?
7
Suppose 7*w + 2*i = 4*w + 1523, 0 = 3*w - i - 1538. Let f = w - 302. What is the hundreds digit of f?
2
What is the thousands digit of 84/(-7) - (-5728 - -16)?
5
Suppose -225*u = -223*u - 90. Suppose -34500 = -u*k + 5235. What is the tens digit of k?
8
Let m be 0/(-3*(0 + -1 + 0)). Let b be 1 + m - (-10 - -8). What is the tens digit of (21 - 3)*(-1)/(b/(-8))?
4
Let p(r) = -1062*r + 2634. What is the ten thousands digit of p(-17)?
2
Suppose -d = 2*b - 6, 0*d - 5*b = d - 15. Suppose 2*k + d*k = 0. What is the hundreds digit of (0/(-1) - -120) + k/(-4)?
1
Let p(c) = 7*c**2 + 31*c - 3143. What is the ten thousands digit of p(-62)?
2
Let s = -4718 - -7687. What is the tens digit of s?
6
Let c(y) = 4*y**2 + 206*y + 335. What is the thousands digit of c(-69)?
5
Let q = -1090 - -1640. Suppose -4*t - 5*p + 992 = -122, 2*t - p - q = 0. What is the tens digit of t?
7
Let j be 1 - (-387 - 3/(-3)). Let f = -265 + j. What is the tens digit of f/8 - 1 - (-9)/(-36)?
1
Let l(z) = -4*z - 34. Let p be l(-7). What is the units digit of (p + (5 - 0))/((-3)/1923)?
1
Let q(m) = 20*m**2 - 34*m - 10. What is the hundreds digit of q(-4)?
4
Let m = 1155 + -447. Suppose -407 = -5*l + m. Suppose -3*h + 166 + 269 = 2*o, 0 = o - 4*h - l. What is the tens digit of o?
1
Suppose -z = 116 - 290. Suppose 11*u + 31 - z = 0. Let x = -3 + u. What is the tens digit of x?
1
Let t be ((-2916)/(-30) + 